greatest common divisor of g and 18?
9
Suppose 3*t - 21 = -2*k, -k + 24 - 6 = 4*t. What is the highest common factor of 12 and k?
6
Suppose -4*s + 924 = 5*r, s + 3 + 1 = 0. Let q = -97 + r. Calculate the greatest common divisor of q and 13.
13
Let n be -2*(-74)/4 - 1. Calculate the highest common divisor of n and 90.
18
Suppose 4*b + 12*j = 7*j + 391, 2*b - 198 = -2*j. What is the greatest common factor of b and 13?
13
Suppose 2*f - 3*f = -5. What is the greatest common factor of f and 25?
5
Let w be 2/(-4) + (-6)/(-4). Suppose 0 = j + w, 4*j = -2*n + 148 - 42. Let c = n + -33. Calculate the highest common factor of 33 and c.
11
Let u be 5/10 + 139/2. Calculate the highest common factor of 10 and u.
10
Suppose -3*h + t = -78, -h + t = -39 + 11. Suppose h = u - 18. Suppose 5*l - u = 27. Calculate the highest common factor of l and 42.
14
Suppose 11*b = 3*b + 64. What is the greatest common factor of b and 1?
1
Let a(h) = h + 10. Let p be a(-6). Let g be -3*p/18*-90. Suppose 4*z - 2*c = g, 4*c + 64 = 4*z - 0*z. What is the highest common factor of 2 and z?
2
Suppose 5*i - 2*w = 150, 9*w - 57 = -i + 4*w. Suppose -4*d = -0*d - 320. What is the greatest common factor of i and d?
16
Let b(v) = 4*v**2 - 4*v - 2. Let j be b(4). Suppose 2*f - j = 6. Calculate the highest common divisor of f and 39.
13
Suppose 2*y - 100 = -0*y. Let v = 0 + 31. Suppose 0*o = -4*o + 5*z + 55, 3*z = -4*o + v. What is the highest common factor of o and y?
10
Suppose -15*c + 2*c + 936 = 0. Calculate the highest common factor of c and 16.
8
Let t(u) = -u**3 + 8*u**2 - 4*u - 15. Let z be t(7). What is the highest common divisor of 24 and z?
6
Suppose 11 = -2*j + 3*j. Calculate the highest common factor of 121 and j.
11
Suppose -16 = 49*o - 53*o. Calculate the highest common divisor of o and 1.
1
Let d be -4 + -10*(-1)/(-2). Let s(j) = j**2 + 8*j + 9. Let i be s(d). Calculate the highest common divisor of i and 18.
18
Let s be (-2)/7 - 158/(-14). Let v = -31 - -32. Calculate the highest common factor of v and s.
1
Let o(d) = d**2 - d + 2. Let u be 2*-6*(-1)/4. Let x(z) = z**3 - 3*z**2 + 3. Let j be x(u). Let i be o(j). What is the greatest common factor of i and 56?
8
Suppose 3 = 3*u - 0. Let s be (2 - (u - 0)) + 13. Calculate the greatest common divisor of s and 126.
14
Let i = -7 - -23. Suppose y - i = -y. Suppose l = -0*l + y. What is the greatest common divisor of l and 40?
8
Let d be -2*1 + (-39)/(-3). Suppose -5*s + d = -84. Calculate the highest common divisor of s and 57.
19
Let a(x) = -x**3 + 3*x**2 - 2*x + 4. Let c be a(3). Let v(r) = -r**3 + r**2 - 1. Let k be v(c). Calculate the greatest common divisor of k and 11.
11
Suppose -4*i = 0, 2*t + 5*i = -0*t + 54. Calculate the highest common factor of t and 27.
27
Let f = 36 + 0. Let d = 0 - -12. Calculate the highest common factor of f and d.
12
Let y = 272 - 160. Let o be -2 + (1 + -3 - -2). Let i = o - -16. Calculate the greatest common divisor of i and y.
14
Let a = -80 + 124. Calculate the highest common divisor of a and 4.
4
Let c be 63 + 0 + (-1 - -3). Let m be (8/(-5))/((-13)/c). Calculate the greatest common factor of 88 and m.
8
Suppose 0 = -4*t, -c - 5*t = -t - 9. Let w(x) = -x**3 - 14*x**2 + 11*x + 21. Let p be w(-15). Calculate the highest common divisor of c and p.
9
Suppose 5*w - 25 = 10. What is the greatest common divisor of w and 49?
7
Suppose -5*x = -3*w - 165, -4*x = 2*w - 7 - 147. Let f = 167 + -77. What is the greatest common divisor of f and x?
18
Suppose 0 = -5*c - 0*c + 290. Suppose -3*h + 246 = -15. What is the greatest common factor of c and h?
29
Let t(h) = h**2 - 3*h + 5. Let k(z) = -z + 13. Suppose 2*o - o = 6. Let w be k(o). Let p be t(w). Calculate the greatest common factor of p and 22.
11
Let q(k) = -52*k + 3. Let h be q(2). Let o = h + 197. What is the greatest common divisor of o and 12?
12
Let o be 30 - 6/(-4)*2. Calculate the greatest common divisor of o and 11.
11
Let y = -55 - -57. Let u be 6/(-4)*8/(-6). Calculate the highest common divisor of y and u.
2
Suppose -2*z - 20 = -y, -y + 3*z + 23 = 4*z. Calculate the greatest common divisor of y and 88.
22
Suppose -4*d + 14 + 6 = 0. Let w be 1/(0 - (-1)/d). Suppose 0 = 5*f + 4*z - 90, 2*z + 32 = -2*f + w*f. Calculate the greatest common factor of f and 35.
7
Let q(b) = 7*b**2 - 3*b - 15. Let p be q(-5). What is the highest common factor of 25 and p?
25
Suppose 4*x = 5*r - 585, -r - r - 3*x = -257. Let a be (-2)/(-4)*(5 - -17). Calculate the greatest common factor of a and r.
11
Suppose l - 220 = -3*l. Let r = l + -38. What is the highest common factor of 17 and r?
17
Let b = -4 + 4. Let m = b - -5. Suppose -1 = m*y - 6. Calculate the greatest common divisor of 7 and y.
1
Suppose 0 = -2*m - 0*m + 2. Let r be m/(-3) + 408/9. Suppose 0 = -4*d - 2*k + 22, 5*d + 2*k - r = 3*k. Calculate the highest common divisor of 24 and d.
8
Let h = 5 + -1. Suppose h*k + 0*k = -z + 212, 0 = -5*z - 3*k + 1094. What is the highest common divisor of z and 20?
20
Let v be (35/(-14))/((-2)/8). Calculate the greatest common divisor of v and 2.
2
Let r = 3 - 0. Suppose 22 + 428 = r*j. Suppose -4*s + j = -s. What is the greatest common divisor of s and 5?
5
Let a(i) = 3*i**2 + 9*i - 8. Let u be a(-11). Calculate the highest common factor of u and 32.
32
Let j be 6/4*10 + -1. Let a be 3*-1 + -4 + j. Suppose 0*w - w + 14 = 0. Calculate the highest common divisor of a and w.
7
Let w = -41 + 70. Calculate the highest common divisor of w and 232.
29
Suppose 3*m + 13 = 58. Suppose -6*d + 2*d + 540 = 0. What is the greatest common divisor of m and d?
15
Let s(f) = -f**3 + 8*f**2 - 6*f - 8. Let u be s(7). Let i be 17 + 4 + 0 + u. Suppose -3*d + 30 = -2*d. What is the highest common factor of d and i?
10
Let r be (-3)/((12/(-3))/12). What is the highest common divisor of r and 81?
9
Suppose 0 = -h + 3*h - 20. What is the greatest common divisor of h and 90?
10
Let v be ((-8)/2)/2 - 1. Let r be 4/v*(0 - 3). Suppose -r*h + 2*n = -4, -h - 5*n = -2*n - 8. Calculate the greatest common factor of h and 18.
2
Let o(j) = 4*j - 4. Let l be o(2). Suppose -l*p = -3*n + 82, -2*n + 0*p + 24 = 5*p. Let x = -138 + 193. Calculate the greatest common factor of n and x.
11
Let i(n) = -3*n. Let f be i(-2). What is the greatest common divisor of 42 and f?
6
Suppose -4*u - 10 = u. Let v be -4 - u - -10*19. Suppose -5*a + 984 = -3*l, -3*a + 5*l = -2*a - v. Calculate the greatest common factor of a and 18.
18
Let s(m) = m**2 + 11*m + 6. Let g(b) = -b**3 + 8*b**2 + 9*b - 9. Let z be g(9). Let i be s(z). Let w = i + 155. What is the greatest common factor of 13 and w?
13
Suppose 5 + 4 = 3*h. Suppose -3*o + o = -14. Suppose k - 16 = -4*t, 0*k = t + h*k + o. What is the greatest common divisor of t and 25?
5
Let c(d) = 2*d**2 + 4*d + 6. Let j be c(-4). Suppose -j = -0*m - m. Calculate the greatest common factor of m and 11.
11
Let v(m) = m + 18. Let c be v(-10). Let r be (-12)/14*(-280)/30. What is the greatest common factor of r and c?
8
Let x(l) = l**2 + 13*l - 3. Let h be x(-15). Let b = 6 + 3. Calculate the greatest common factor of h and b.
9
Let n = -470 - -749. What is the highest common divisor of n and 31?
31
Let b(h) = h**3 + 4*h**2 - 2*h + 1. Let x be b(-4). Let o = 24 + 57. Calculate the greatest common divisor of o and x.
9
Let l = 208 - 115. Calculate the greatest common divisor of 31 and l.
31
Let a = 2 - -4. Suppose a*s - 55 = s. What is the highest common factor of 1 and s?
1
Let i be 846/90 - 4/10. Calculate the greatest common divisor of i and 9.
9
Let z(g) = g**2 + 3*g - 4. Let r be z(6). Let n(v) = v**2 + 2 + 8*v**2 - 1. Let t be n(-1). What is the highest common divisor of r and t?
10
Let r(y) = y**3 + 10*y**2 + 12*y - 6. Let z be r(-9). Let u = 78 + z. What is the greatest common factor of u and 30?
15
Let l be (9/(-6))/(6/(-68)). Calculate the highest common factor of 119 and l.
17
Let j = -67 + 78. Calculate the highest common divisor of j and 88.
11
Let a(j) = -17*j - 29. Let q be a(-5). Calculate the highest common divisor of q and 28.
28
Let q(v) be the second derivative of -v**5/20 + v**3/2 - 2*v**2 + 4*v. Let n be q(-3). What is the highest common divisor of 7 and n?
7
Let l = 11 - 1. What is the highest common divisor of l and 80?
10
Let j(q) = q**3 - 9*q**2 + 8